{"id":233,"date":"2019-09-26T19:03:52","date_gmt":"2019-09-26T17:03:52","guid":{"rendered":"http:\/\/wordpress.grundschule-brander-feld.de\/?page_id=233"},"modified":"2024-12-08T10:42:27","modified_gmt":"2024-12-08T09:42:27","slug":"kooperationen","status":"publish","type":"page","link":"https:\/\/www.grundschule-brander-feld.de\/index.php\/schule\/kooperationen\/","title":{"rendered":"Kooperationen"},"content":{"rendered":"<ul>\n<li>Aachen Stadt Kinderparlament<\/li>\n<li>Brander Gartenbauverein<\/li>\n<li>ElPri Stadtteil Netzwerk<\/li>\n<li>Energeticon Alsdorf<\/li>\n<li>Fabian B\u00fccherbus<\/li>\n<li>FH &#8211; Chemiek\u00fcrse Begabungsf\u00f6rderung<\/li>\n<li>Generationsbr\u00fccke Deutschland &#8211; Marienheim<\/li>\n<li>Gesamtschule Brand &#8211; Kinderkulturkaravane und MobiProjekt<\/li>\n<li>Grundschule Driescher Hof &#8211; Ferienakademie<\/li>\n<li>IN VIA Aachen e.V.<\/li>\n<li>JuB &#8211; Das Netz<\/li>\n<li>Kinderschutzbund &#8211; Kindersprechstunde<\/li>\n<li>Kirchen St. Donatus und Martin Luther-Kirche<\/li>\n<li>Kommunales Integrationszentrum<\/li>\n<li>Natur- und Umweltakademie<\/li>\n<li>Polizei Aachen &#8211; Fahrradausbildung und Mobilit\u00e4tsprojekt<\/li>\n<li>RWTH\/FH &#8211; Programmierkurs IT4Kids<\/li>\n<li>Sparkasse Aachen &#8211; Aachener Modell<\/li>\n<li>Techniker Krankenkasse &#8211; Bleib locker Programm<\/li>\n<\/ul>\n<p><a href=\"http:\/\/wordpress.grundschule-brander-feld.de\/index.php\/schule\/kooperationen\/kooperation-ausfuehrlich\/\">Mehr infos<\/a><\/p>\n","protected":false},"excerpt":{"rendered":"<p>Aachen Stadt Kinderparlament Brander Gartenbauverein ElPri Stadtteil Netzwerk Energeticon Alsdorf Fabian B\u00fccherbus FH &#8211; Chemiek\u00fcrse Begabungsf\u00f6rderung Generationsbr\u00fccke Deutschland &#8211; Marienheim Gesamtschule Brand &#8211; Kinderkulturkaravane und MobiProjekt Grundschule Driescher Hof &#8211; &hellip; <\/p>\n<p class=\"link-more\"><a href=\"https:\/\/www.grundschule-brander-feld.de\/index.php\/schule\/kooperationen\/\" class=\"more-link\"><span class=\"screen-reader-text\">\u201eKooperationen\u201c<\/span> weiterlesen<\/a><\/p>\n","protected":false},"author":2,"featured_media":0,"parent":69,"menu_order":0,"comment_status":"closed","ping_status":"closed","template":"","meta":{"_EventAllDay":false,"_EventTimezone":"","_EventStartDate":"","_EventEndDate":"","_EventStartDateUTC":"","_EventEndDateUTC":"","_EventShowMap":false,"_EventShowMapLink":false,"_EventURL":"","_EventCost":"","_EventCostDescription":"","_EventCurrencySymbol":"","_EventCurrencyCode":"","_EventCurrencyPosition":"","_EventDateTimeSeparator":"","_EventTimeRangeSeparator":"","_EventOrganizerID":[],"_EventVenueID":[],"_OrganizerEmail":"","_OrganizerPhone":"","_OrganizerWebsite":"","_VenueAddress":"","_VenueCity":"","_VenueCountry":"","_VenueProvince":"","_VenueState":"","_VenueZip":"","_VenuePhone":"","_VenueURL":"","_VenueStateProvince":"","_VenueLat":"","_VenueLng":"","_VenueShowMap":false,"_VenueShowMapLink":false,"footnotes":""},"class_list":["post-233","page","type-page","status-publish","hentry"],"_links":{"self":[{"href":"https:\/\/www.grundschule-brander-feld.de\/index.php\/wp-json\/wp\/v2\/pages\/233","targetHints":{"allow":["GET"]}}],"collection":[{"href":"https:\/\/www.grundschule-brander-feld.de\/index.php\/wp-json\/wp\/v2\/pages"}],"about":[{"href":"https:\/\/www.grundschule-brander-feld.de\/index.php\/wp-json\/wp\/v2\/types\/page"}],"author":[{"embeddable":true,"href":"https:\/\/www.grundschule-brander-feld.de\/index.php\/wp-json\/wp\/v2\/users\/2"}],"replies":[{"embeddable":true,"href":"https:\/\/www.grundschule-brander-feld.de\/index.php\/wp-json\/wp\/v2\/comments?post=233"}],"version-history":[{"count":5,"href":"https:\/\/www.grundschule-brander-feld.de\/index.php\/wp-json\/wp\/v2\/pages\/233\/revisions"}],"predecessor-version":[{"id":1948,"href":"https:\/\/www.grundschule-brander-feld.de\/index.php\/wp-json\/wp\/v2\/pages\/233\/revisions\/1948"}],"up":[{"embeddable":true,"href":"https:\/\/www.grundschule-brander-feld.de\/index.php\/wp-json\/wp\/v2\/pages\/69"}],"wp:attachment":[{"href":"https:\/\/www.grundschule-brander-feld.de\/index.php\/wp-json\/wp\/v2\/media?parent=233"}],"curies":[{"name":"wp","href":"https:\/\/api.w.org\/{rel}","templated":true}]}}

<ul>
<li>Aachen Stadt Kinderparlament</li>
<li>Brander Gartenbauverein</li>
<li>ElPri Stadtteil Netzwerk</li>
<li>Energeticon Alsdorf</li>
<li>Fabian Bücherbus</li>
<li>FH &#8211; Chemiekürse Begabungsförderung</li>
<li>Generationsbrücke Deutschland &#8211; Marienheim</li>
<li>Gesamtschule Brand &#8211; Kinderkulturkaravane und MobiProjekt</li>
<li>Grundschule Driescher Hof &#8211; Ferienakademie</li>
<li>IN VIA Aachen e.V.</li>
<li>JuB &#8211; Das Netz</li>
<li>Kinderschutzbund &#8211; Kindersprechstunde</li>
<li>Kirchen St. Donatus und Martin Luther-Kirche</li>
<li>Kommunales Integrationszentrum</li>
<li>Natur- und Umweltakademie</li>
<li>Polizei Aachen &#8211; Fahrradausbildung und Mobilitätsprojekt</li>
<li>RWTH/FH &#8211; Programmierkurs IT4Kids</li>
<li>Sparkasse Aachen &#8211; Aachener Modell</li>
<li>Techniker Krankenkasse &#8211; Bleib locker Programm</li>
</ul>
<p><a href="http://wordpress.grundschule-brander-feld.de/index.php/schule/kooperationen/kooperation-ausfuehrlich/">Mehr infos</a></p>

<p>Aachen Stadt Kinderparlament Brander Gartenbauverein ElPri Stadtteil Netzwerk Energeticon Alsdorf Fabian Bücherbus FH &#8211; Chemiekürse Begabungsförderung Generationsbrücke Deutschland &#8211; Marienheim Gesamtschule Brand &#8211; Kinderkulturkaravane und MobiProjekt Grundschule Driescher Hof &#8211; &hellip; </p>
<p class="link-more"><a href="https://www.grundschule-brander-feld.de/index.php/schule/kooperationen/" class="more-link"><span class="screen-reader-text">„Kooperationen“</span> weiterlesen</a></p>
