{"id":36575,"date":"2025-09-28T18:53:27","date_gmt":"2025-09-28T16:53:27","guid":{"rendered":"https:\/\/www.grundschule-brander-feld.de\/?page_id=36575"},"modified":"2025-09-29T19:24:17","modified_gmt":"2025-09-29T17:24:17","slug":"die-schulbibliothek","status":"publish","type":"page","link":"http:\/\/www.grundschule-brander-feld.de\/index.php\/die-schulbibliothek\/","title":{"rendered":"Die Schulbibliothek"},"content":{"rendered":"\n<p>Unterst\u00fctzt von der Stiftung Lesen und in Kooperation mit dem JuB, stellt sich unsere Schulbibliothek vor:<\/p>\n\n\n\n<p>Unsere Bibliothek w\u00e4chst stetig und ist gem\u00fctlich eingerichtet. Wir haben mittlerweile \u00fcber 700 gespendete B\u00fccher f\u00fcr alle Altersstufen, die ausgeliehen werden k\u00f6nnen.<\/p>\n\n\n\n<figure class=\"wp-block-image size-large\"><img loading=\"lazy\" decoding=\"async\" width=\"1024\" height=\"768\" src=\"https:\/\/www.grundschule-brander-feld.de\/wp-content\/uploads\/2025\/09\/Bibliothek3-1024x768.jpeg\" alt=\"\" class=\"wp-image-36576\" srcset=\"http:\/\/www.grundschule-brander-feld.de\/wp-content\/uploads\/2025\/09\/Bibliothek3-1024x768.jpeg 1024w, http:\/\/www.grundschule-brander-feld.de\/wp-content\/uploads\/2025\/09\/Bibliothek3-300x225.jpeg 300w, http:\/\/www.grundschule-brander-feld.de\/wp-content\/uploads\/2025\/09\/Bibliothek3-768x576.jpeg 768w, http:\/\/www.grundschule-brander-feld.de\/wp-content\/uploads\/2025\/09\/Bibliothek3-1536x1152.jpeg 1536w, http:\/\/www.grundschule-brander-feld.de\/wp-content\/uploads\/2025\/09\/Bibliothek3.jpeg 1600w\" sizes=\"auto, (max-width: 767px) 89vw, (max-width: 1000px) 54vw, (max-width: 1071px) 543px, 580px\" \/><\/figure>\n\n\n\n<p>Mehrmals die Woche findet ein Leseclub statt, wo Ehrenamtliche den Kindern vorlesen, mit ihnen basteln und sie selbst lesen lassen.<br>Unser Ziel ist es, die Bibliothek als selbstverst\u00e4ndlichen Lernort zu erleben, Ber\u00fchrungs\u00e4ngste mit dem Medium Buch abzubauen und die Lesekompetenz mit Spa\u00df zu steigern.<\/p>\n\n\n\n<figure class=\"wp-block-image size-large\"><img loading=\"lazy\" decoding=\"async\" width=\"1024\" height=\"768\" src=\"https:\/\/www.grundschule-brander-feld.de\/wp-content\/uploads\/2025\/09\/Bibliothek2-1024x768.jpeg\" alt=\"\" class=\"wp-image-36578\" srcset=\"http:\/\/www.grundschule-brander-feld.de\/wp-content\/uploads\/2025\/09\/Bibliothek2-1024x768.jpeg 1024w, http:\/\/www.grundschule-brander-feld.de\/wp-content\/uploads\/2025\/09\/Bibliothek2-300x225.jpeg 300w, http:\/\/www.grundschule-brander-feld.de\/wp-content\/uploads\/2025\/09\/Bibliothek2-768x576.jpeg 768w, http:\/\/www.grundschule-brander-feld.de\/wp-content\/uploads\/2025\/09\/Bibliothek2-1536x1152.jpeg 1536w, http:\/\/www.grundschule-brander-feld.de\/wp-content\/uploads\/2025\/09\/Bibliothek2.jpeg 1600w\" sizes=\"auto, (max-width: 767px) 89vw, (max-width: 1000px) 54vw, (max-width: 1071px) 543px, 580px\" \/><\/figure>\n\n\n\n<p>Gerne k\u00f6nnen Sie uns dabei unterst\u00fctzen.<br>Wenden Sie sich bei Interesse bitte an das Sekretariat.<\/p>\n\n\n\n<figure class=\"wp-block-gallery has-nested-images columns-default is-cropped wp-block-gallery-1 is-layout-flex wp-block-gallery-is-layout-flex\">\n<figure class=\"wp-block-image size-large\"><img loading=\"lazy\" decoding=\"async\" width=\"768\" height=\"1024\" data-id=\"36577\" src=\"https:\/\/www.grundschule-brander-feld.de\/wp-content\/uploads\/2025\/09\/Bibliothek1-768x1024.jpeg\" alt=\"\" class=\"wp-image-36577\" srcset=\"http:\/\/www.grundschule-brander-feld.de\/wp-content\/uploads\/2025\/09\/Bibliothek1-768x1024.jpeg 768w, http:\/\/www.grundschule-brander-feld.de\/wp-content\/uploads\/2025\/09\/Bibliothek1-225x300.jpeg 225w, http:\/\/www.grundschule-brander-feld.de\/wp-content\/uploads\/2025\/09\/Bibliothek1-1152x1536.jpeg 1152w, http:\/\/www.grundschule-brander-feld.de\/wp-content\/uploads\/2025\/09\/Bibliothek1.jpeg 1200w\" sizes=\"auto, (max-width: 767px) 89vw, (max-width: 1000px) 54vw, (max-width: 1071px) 543px, 580px\" \/><\/figure>\n<\/figure>\n","protected":false},"excerpt":{"rendered":"<p>Unterst\u00fctzt von der Stiftung Lesen und in Kooperation mit dem JuB, stellt sich unsere Schulbibliothek vor: Unsere Bibliothek w\u00e4chst stetig und ist gem\u00fctlich eingerichtet. Wir haben mittlerweile \u00fcber 700 gespendete &hellip; <\/p>\n<p class=\"link-more\"><a href=\"http:\/\/www.grundschule-brander-feld.de\/index.php\/die-schulbibliothek\/\" class=\"more-link\"><span class=\"screen-reader-text\">\u201eDie Schulbibliothek\u201c<\/span> weiterlesen<\/a><\/p>\n","protected":false},"author":2,"featured_media":0,"parent":0,"menu_order":0,"comment_status":"closed","ping_status":"closed","template":"","meta":{"_EventAllDay":false,"_EventTimezone":"","_EventStartDate":"","_EventEndDate":"","_EventStartDateUTC":"","_EventEndDateUTC":"","_EventShowMap":false,"_EventShowMapLink":false,"_EventURL":"","_EventCost":"","_EventCostDescription":"","_EventCurrencySymbol":"","_EventCurrencyCode":"","_EventCurrencyPosition":"","_EventDateTimeSeparator":"","_EventTimeRangeSeparator":"","_EventOrganizerID":[],"_EventVenueID":[],"_OrganizerEmail":"","_OrganizerPhone":"","_OrganizerWebsite":"","_VenueAddress":"","_VenueCity":"","_VenueCountry":"","_VenueProvince":"","_VenueState":"","_VenueZip":"","_VenuePhone":"","_VenueURL":"","_VenueStateProvince":"","_VenueLat":"","_VenueLng":"","_VenueShowMap":false,"_VenueShowMapLink":false,"footnotes":""},"class_list":["post-36575","page","type-page","status-publish","hentry"],"_links":{"self":[{"href":"http:\/\/www.grundschule-brander-feld.de\/index.php\/wp-json\/wp\/v2\/pages\/36575","targetHints":{"allow":["GET"]}}],"collection":[{"href":"http:\/\/www.grundschule-brander-feld.de\/index.php\/wp-json\/wp\/v2\/pages"}],"about":[{"href":"http:\/\/www.grundschule-brander-feld.de\/index.php\/wp-json\/wp\/v2\/types\/page"}],"author":[{"embeddable":true,"href":"http:\/\/www.grundschule-brander-feld.de\/index.php\/wp-json\/wp\/v2\/users\/2"}],"replies":[{"embeddable":true,"href":"http:\/\/www.grundschule-brander-feld.de\/index.php\/wp-json\/wp\/v2\/comments?post=36575"}],"version-history":[{"count":4,"href":"http:\/\/www.grundschule-brander-feld.de\/index.php\/wp-json\/wp\/v2\/pages\/36575\/revisions"}],"predecessor-version":[{"id":36586,"href":"http:\/\/www.grundschule-brander-feld.de\/index.php\/wp-json\/wp\/v2\/pages\/36575\/revisions\/36586"}],"wp:attachment":[{"href":"http:\/\/www.grundschule-brander-feld.de\/index.php\/wp-json\/wp\/v2\/media?parent=36575"}],"curies":[{"name":"wp","href":"https:\/\/api.w.org\/{rel}","templated":true}]}}

<p>Unterstützt von der Stiftung Lesen und in Kooperation mit dem JuB, stellt sich unsere Schulbibliothek vor:</p>



<p>Unsere Bibliothek wächst stetig und ist gemütlich eingerichtet. Wir haben mittlerweile über 700 gespendete Bücher für alle Altersstufen, die ausgeliehen werden können.</p>



<figure class="wp-block-image size-large"><img loading="lazy" decoding="async" width="1024" height="768" src="https://www.grundschule-brander-feld.de/wp-content/uploads/2025/09/Bibliothek3-1024x768.jpeg" alt="" class="wp-image-36576" srcset="http://www.grundschule-brander-feld.de/wp-content/uploads/2025/09/Bibliothek3-1024x768.jpeg 1024w, http://www.grundschule-brander-feld.de/wp-content/uploads/2025/09/Bibliothek3-300x225.jpeg 300w, http://www.grundschule-brander-feld.de/wp-content/uploads/2025/09/Bibliothek3-768x576.jpeg 768w, http://www.grundschule-brander-feld.de/wp-content/uploads/2025/09/Bibliothek3-1536x1152.jpeg 1536w, http://www.grundschule-brander-feld.de/wp-content/uploads/2025/09/Bibliothek3.jpeg 1600w" sizes="auto, (max-width: 767px) 89vw, (max-width: 1000px) 54vw, (max-width: 1071px) 543px, 580px" /></figure>



<p>Mehrmals die Woche findet ein Leseclub statt, wo Ehrenamtliche den Kindern vorlesen, mit ihnen basteln und sie selbst lesen lassen.<br>Unser Ziel ist es, die Bibliothek als selbstverständlichen Lernort zu erleben, Berührungsängste mit dem Medium Buch abzubauen und die Lesekompetenz mit Spaß zu steigern.</p>



<figure class="wp-block-image size-large"><img loading="lazy" decoding="async" width="1024" height="768" src="https://www.grundschule-brander-feld.de/wp-content/uploads/2025/09/Bibliothek2-1024x768.jpeg" alt="" class="wp-image-36578" srcset="http://www.grundschule-brander-feld.de/wp-content/uploads/2025/09/Bibliothek2-1024x768.jpeg 1024w, http://www.grundschule-brander-feld.de/wp-content/uploads/2025/09/Bibliothek2-300x225.jpeg 300w, http://www.grundschule-brander-feld.de/wp-content/uploads/2025/09/Bibliothek2-768x576.jpeg 768w, http://www.grundschule-brander-feld.de/wp-content/uploads/2025/09/Bibliothek2-1536x1152.jpeg 1536w, http://www.grundschule-brander-feld.de/wp-content/uploads/2025/09/Bibliothek2.jpeg 1600w" sizes="auto, (max-width: 767px) 89vw, (max-width: 1000px) 54vw, (max-width: 1071px) 543px, 580px" /></figure>



<p>Gerne können Sie uns dabei unterstützen.<br>Wenden Sie sich bei Interesse bitte an das Sekretariat.</p>



<figure class="wp-block-gallery has-nested-images columns-default is-cropped wp-block-gallery-1 is-layout-flex wp-block-gallery-is-layout-flex">
<figure class="wp-block-image size-large"><img loading="lazy" decoding="async" width="768" height="1024" data-id="36577" src="https://www.grundschule-brander-feld.de/wp-content/uploads/2025/09/Bibliothek1-768x1024.jpeg" alt="" class="wp-image-36577" srcset="http://www.grundschule-brander-feld.de/wp-content/uploads/2025/09/Bibliothek1-768x1024.jpeg 768w, http://www.grundschule-brander-feld.de/wp-content/uploads/2025/09/Bibliothek1-225x300.jpeg 225w, http://www.grundschule-brander-feld.de/wp-content/uploads/2025/09/Bibliothek1-1152x1536.jpeg 1152w, http://www.grundschule-brander-feld.de/wp-content/uploads/2025/09/Bibliothek1.jpeg 1200w" sizes="auto, (max-width: 767px) 89vw, (max-width: 1000px) 54vw, (max-width: 1071px) 543px, 580px" /></figure>
</figure>

<p>Unterstützt von der Stiftung Lesen und in Kooperation mit dem JuB, stellt sich unsere Schulbibliothek vor: Unsere Bibliothek wächst stetig und ist gemütlich eingerichtet. Wir haben mittlerweile über 700 gespendete &hellip; </p>
<p class="link-more"><a href="http://www.grundschule-brander-feld.de/index.php/die-schulbibliothek/" class="more-link"><span class="screen-reader-text">„Die Schulbibliothek“</span> weiterlesen</a></p>
