{"id":1915,"date":"2024-11-21T17:15:49","date_gmt":"2024-11-21T16:15:49","guid":{"rendered":"https:\/\/www.grundschule-brander-feld.de\/?page_id=1915"},"modified":"2024-11-21T17:15:49","modified_gmt":"2024-11-21T16:15:49","slug":"mittagessen","status":"publish","type":"page","link":"http:\/\/www.grundschule-brander-feld.de\/index.php\/mittagessen\/","title":{"rendered":"Mittagessen"},"content":{"rendered":"\n<p>Unser offenes Mittagessenskonzept ist an die Bed\u00fcrfnisse der Kinder angepasst, w\u00e4hrend der Mittagszeit haben die Kinder die M\u00f6glichkeit das warme Mittagessen in unserer Schulmensa einzunehmen und parallel die Freispielzeit zu nutzen.<\/p>\n\n\n\n<p>Unsere Caterer ist die Firma \u201eMin Food\u201c.<\/p>\n\n\n\n<p>Organisatorische Informationen zum Mittagessen und der Abrechnung des Essens \u00fcber Kitafino finden sie hier:<\/p>\n\n\n\n<div class=\"wp-block-file\"><a id=\"wp-block-file--media-d311e986-17fd-4d59-ad1d-4080f1a0a76f\" href=\"https:\/\/www.grundschule-brander-feld.de\/wp-content\/uploads\/2024\/11\/5b.Mittagessen-OGS-Brander-Feld.pdf\" target=\"_blank\" rel=\"noreferrer noopener\">Mittagessen<\/a><a href=\"https:\/\/www.grundschule-brander-feld.de\/wp-content\/uploads\/2024\/11\/5b.Mittagessen-OGS-Brander-Feld.pdf\" class=\"wp-block-file__button wp-element-button\" download aria-describedby=\"wp-block-file--media-d311e986-17fd-4d59-ad1d-4080f1a0a76f\">Herunterladen<\/a><\/div>\n\n\n\n<p><a href=\"http:\/\/www.kitafino.de\">www.kitafino.de<\/a><\/p>\n\n\n\n<p><a href=\"http:\/\/www.minfood.de\">www.minfood.de<\/a><\/p>\n\n\n\n<p><\/p>\n","protected":false},"excerpt":{"rendered":"<p>Unser offenes Mittagessenskonzept ist an die Bed\u00fcrfnisse der Kinder angepasst, w\u00e4hrend der Mittagszeit haben die Kinder die M\u00f6glichkeit das warme Mittagessen in unserer Schulmensa einzunehmen und parallel die Freispielzeit zu &hellip; <\/p>\n<p class=\"link-more\"><a href=\"http:\/\/www.grundschule-brander-feld.de\/index.php\/mittagessen\/\" class=\"more-link\"><span class=\"screen-reader-text\">\u201eMittagessen\u201c<\/span> weiterlesen<\/a><\/p>\n","protected":false},"author":2,"featured_media":0,"parent":0,"menu_order":0,"comment_status":"closed","ping_status":"closed","template":"","meta":{"_EventAllDay":false,"_EventTimezone":"","_EventStartDate":"","_EventEndDate":"","_EventStartDateUTC":"","_EventEndDateUTC":"","_EventShowMap":false,"_EventShowMapLink":false,"_EventURL":"","_EventCost":"","_EventCostDescription":"","_EventCurrencySymbol":"","_EventCurrencyCode":"","_EventCurrencyPosition":"","_EventDateTimeSeparator":"","_EventTimeRangeSeparator":"","_EventOrganizerID":[],"_EventVenueID":[],"_OrganizerEmail":"","_OrganizerPhone":"","_OrganizerWebsite":"","_VenueAddress":"","_VenueCity":"","_VenueCountry":"","_VenueProvince":"","_VenueState":"","_VenueZip":"","_VenuePhone":"","_VenueURL":"","_VenueStateProvince":"","_VenueLat":"","_VenueLng":"","_VenueShowMap":false,"_VenueShowMapLink":false,"footnotes":""},"class_list":["post-1915","page","type-page","status-publish","hentry"],"_links":{"self":[{"href":"http:\/\/www.grundschule-brander-feld.de\/index.php\/wp-json\/wp\/v2\/pages\/1915","targetHints":{"allow":["GET"]}}],"collection":[{"href":"http:\/\/www.grundschule-brander-feld.de\/index.php\/wp-json\/wp\/v2\/pages"}],"about":[{"href":"http:\/\/www.grundschule-brander-feld.de\/index.php\/wp-json\/wp\/v2\/types\/page"}],"author":[{"embeddable":true,"href":"http:\/\/www.grundschule-brander-feld.de\/index.php\/wp-json\/wp\/v2\/users\/2"}],"replies":[{"embeddable":true,"href":"http:\/\/www.grundschule-brander-feld.de\/index.php\/wp-json\/wp\/v2\/comments?post=1915"}],"version-history":[{"count":1,"href":"http:\/\/www.grundschule-brander-feld.de\/index.php\/wp-json\/wp\/v2\/pages\/1915\/revisions"}],"predecessor-version":[{"id":1917,"href":"http:\/\/www.grundschule-brander-feld.de\/index.php\/wp-json\/wp\/v2\/pages\/1915\/revisions\/1917"}],"wp:attachment":[{"href":"http:\/\/www.grundschule-brander-feld.de\/index.php\/wp-json\/wp\/v2\/media?parent=1915"}],"curies":[{"name":"wp","href":"https:\/\/api.w.org\/{rel}","templated":true}]}}

<p>Unser offenes Mittagessenskonzept ist an die Bedürfnisse der Kinder angepasst, während der Mittagszeit haben die Kinder die Möglichkeit das warme Mittagessen in unserer Schulmensa einzunehmen und parallel die Freispielzeit zu nutzen.</p>



<p>Unsere Caterer ist die Firma „Min Food“.</p>



<p>Organisatorische Informationen zum Mittagessen und der Abrechnung des Essens über Kitafino finden sie hier:</p>



<div class="wp-block-file"><a id="wp-block-file--media-d311e986-17fd-4d59-ad1d-4080f1a0a76f" href="https://www.grundschule-brander-feld.de/wp-content/uploads/2024/11/5b.Mittagessen-OGS-Brander-Feld.pdf" target="_blank" rel="noreferrer noopener">Mittagessen</a><a href="https://www.grundschule-brander-feld.de/wp-content/uploads/2024/11/5b.Mittagessen-OGS-Brander-Feld.pdf" class="wp-block-file__button wp-element-button" download aria-describedby="wp-block-file--media-d311e986-17fd-4d59-ad1d-4080f1a0a76f">Herunterladen</a></div>



<p><a href="http://www.kitafino.de">www.kitafino.de</a></p>



<p><a href="http://www.minfood.de">www.minfood.de</a></p>



<p></p>

<p>Unser offenes Mittagessenskonzept ist an die Bedürfnisse der Kinder angepasst, während der Mittagszeit haben die Kinder die Möglichkeit das warme Mittagessen in unserer Schulmensa einzunehmen und parallel die Freispielzeit zu &hellip; </p>
<p class="link-more"><a href="http://www.grundschule-brander-feld.de/index.php/mittagessen/" class="more-link"><span class="screen-reader-text">„Mittagessen“</span> weiterlesen</a></p>
